*2 + u + 14. Let i(w) = 7 - w**2 - 8 + w + 10. Let n(z) = 8*i(z) - 5*x(z). Let k be n(-1). Calculate the greatest common divisor of k and 7.
1
Let i be (-128 - -2)/(333/(-1110)). Calculate the highest common divisor of 1092 and i.
84
Suppose 32*y - 30*y + 5*q = 27, 5*y = 2*q + 24. Suppose -y*l + 1667 - 17 = 0. What is the greatest common factor of 25 and l?
25
Let o = -149 + 159. Suppose -4*f + 2*x + o = 0, 16 = f + 6*x - 2*x. Let z = 23 + -13. Calculate the greatest common divisor of f and z.
2
Let w = 328 - 323. Suppose 146 = 5*g - w*k - 54, -5*k - 92 = -2*g. Calculate the highest common divisor of g and 72.
36
Let s be 456/14 - 42/(-98). What is the greatest common factor of 143 and s?
11
Suppose 4094 = -80*p + 169*p. Calculate the highest common factor of 9062 and p.
46
Let l be (98/4)/((-1)/(-2)). Suppose 0 = -9*j - 13 - 59. Let z be ((-14)/j)/(10*10/400). What is the greatest common factor of l and z?
7
Let n be 4980/90 - (8/6 + -2). Let w = n + -40. Suppose -w*o + 300 = -148. Calculate the highest common factor of o and 8.
4
Let o be (28/18)/((-27)/(-243)). Let y be (161/o)/(6/180). Calculate the highest common factor of 15 and y.
15
Let g = -191 - -265. Suppose -7*k - g = -8*k. Calculate the greatest common divisor of k and 37.
37
Suppose -11*j + 3*w - 187 = -13*j, j - 110 = 4*w. Calculate the highest common divisor of 1813 and j.
49
Let v = -973 + 532. Let t = 468 + v. What is the greatest common factor of 99 and t?
9
Suppose 0 = -5*l + 6 + 34. Let f(g) = g**2 + 11*g. Let o be f(-10). Let x be (-2)/o - 1014/(-130). Calculate the greatest common divisor of x and l.
8
Suppose -207*q = -3426 - 6025 - 33605. What is the greatest common divisor of 680 and q?
8
Let q = -4209 + 5328. Calculate the highest common factor of 21 and q.
3
Let x(j) = -j**2 + 8*j + 257. Let v be x(19). Suppose 0 = 4*b - 6 - 14. Let h be ((-16)/(-5))/(1/b). Calculate the highest common factor of h and v.
16
Suppose 4*n - 368 = 4*b - 472, -2*b = 4*n - 46. What is the highest common divisor of b and 905?
5
Let c = 4194 + -4187. Calculate the highest common divisor of c and 254.
1
Suppose 71*j + 485 = 6165. What is the highest common factor of 54 and j?
2
Let j(n) = -14*n + 2. Let g be j(-2). Let m(z) = -z**2 - 1129*z - 11160. Let t be m(-10). Calculate the greatest common factor of t and g.
30
Let k = 64 + -70. Let d be (k - -3) + (4 - -7). Suppose -88 = -9*h + d*h. What is the greatest common divisor of h and 8?
8
Suppose -3*a = -10 - 2. Let q be 3*((-6)/(-33) - (-51)/(-99)). Let p be q/(2/(-16) + 0/(-4)). What is the greatest common divisor of p and a?
4
Suppose 417*m = -63*m + 960960. What is the highest common factor of m and 442?
26
Let d be 9*-25*(560/(-10))/7. Calculate the greatest common factor of d and 10.
10
Let d = -4636 - -5076. What is the highest common divisor of d and 160?
40
Let t = -10 + 12. Suppose 3*f = t*f + 17. Let a(x) = 8*x + 596. Let p be a(-66). What is the highest common divisor of f and p?
17
Suppose -3*l + 5*i = -11, 17*i = -4*l + 16*i + 7. Suppose 3*d = l*t, -6*t + 26 = -3*t + 2*d. Calculate the greatest common factor of t and 10.
2
Let z(r) = r**2 + 4*r - 8 - 9*r + 3*r + 13*r. Let j be z(8). Suppose -15*t = -9*t - j. Calculate the highest common divisor of 264 and t.
24
Let l = 11 + -11. Suppose 0 = -b - l*b + 10. Suppose -1 = -3*w + 14, -c = 4*w - 50. What is the greatest common factor of b and c?
10
Let p(k) = -k**3 - 15*k**2 + 20*k + 384. Let g be p(-15). Calculate the greatest common factor of 4844 and g.
28
Let r be (-1091)/(-11) - (-4)/(-22). Let a = -77 + r. Suppose a - 9 = w. Calculate the highest common factor of w and 169.
13
Suppose -71644 - 21708 = -5*p + 6*v, 4*p - 4*v = 74688. Calculate the greatest common factor of p and 8.
8
Suppose 0 = 2*b - 5*x - 532, 3 = -5*b - 2*x + 1362. What is the greatest common factor of 1 and b?
1
Suppose -175*i - 102*i = -4485565 + 965449. Calculate the highest common factor of 108 and i.
36
Let u(a) = -a + 35. Let h be u(17). Suppose -h*b = 154 - 586. Let k(l) = -l**2 + 36. Let p be k(0). What is the highest common divisor of b and p?
12
Suppose -a + 2*j = 3, -31 = 3*a - 6*a - 4*j. Suppose a*t = -7*t + 2184. Suppose -14*y = -21*y + t. Calculate the greatest common divisor of 13 and y.
13
Let h be 0*15/(-6)*(-1)/5. Suppose -p + h*p + 45 = g, 5*g - p - 195 = 0. Calculate the highest common divisor of g and 56.
8
Let k(x) = -216 + 2*x**2 + 0*x - 2*x**3 - 4*x + 226. Let d be k(-4). What is the highest common divisor of 465 and d?
93
Let n = -261 + 387. Let l = 128 - n. Suppose l*h + p = 36, 36 = 6*h - 4*h + 3*p. Calculate the greatest common divisor of h and 30.
6
Let j = -227 + 221. Let f be 32/j*(-12)/8. What is the greatest common factor of 296 and f?
8
Suppose -2*j = -5*y + 1 + 2, -3*j = y - 4. Let z = 678 + -669. What is the greatest common divisor of y and z?
1
Let g be (-138)/(-4)*504/(-27). Let v = g + 1173. Calculate the highest common divisor of 23 and v.
23
Suppose 2*r - 465 = 3*i, 0 = -15*r + 10*r + 2*i + 1124. Calculate the greatest common divisor of 19647 and r.
111
Suppose g - 2853 = 4*y, -4*g - 16*y + 11492 = -12*y. Calculate the greatest common divisor of 19 and g.
19
Suppose 0 = -46*z + 45*z - t - 666, 3*t = -2*z - 1330. Let j = z - -689. What is the highest common divisor of 217 and j?
7
Suppose f = 3*y - 2560, -8*f = -5*y - 6*f + 4265. Calculate the greatest common divisor of 180 and y.
45
Suppose -53*d = -48*d - 2*v - 147868, 4*d = 3*v + 118293. Calculate the highest common factor of 31 and d.
31
Let b be 1/(2/(-36)*-3). Let y = -3532 + 3516. Let n be 77/b + y/(-96). What is the highest common factor of n and 169?
13
Let o = 2001 + 8482. What is the highest common divisor of o and 11?
11
Let t = -260 + 994. Suppose -5*h = -t - 71. What is the greatest common divisor of h and 115?
23
Let w = -2818 + 3208. Calculate the highest common factor of w and 40.
10
Suppose -2*u - 295 = -5*y, 4*y + 0*u - 238 = 2*u. Let v be 1632/(-119) - (-4)/(-14). Let c be (-540)/(-14) + 8/v. What is the highest common divisor of c and y?
19
Let c(w) = -2*w**2 - 35*w - 103. Let a be c(-10). Calculate the highest common divisor of 1081 and a.
47
Let g = -5628 + 6853. What is the highest common divisor of 2205 and g?
245
Let y be 12/18*(-3 + 4)*12. Let q(g) = -g**2 + 4*g + 37. Let j be q(y). What is the greatest common divisor of 3 and j?
1
Let p = -6746 - -6751. Calculate the highest common divisor of 8440 and p.
5
Let u be ((-372)/24 + -7)*-50. Calculate the highest common factor of u and 30.
15
Suppose -49*l + 12532 + 1629 = 0. Let p(o) = -2*o + 57. Let b be p(20). Calculate the greatest common factor of l and b.
17
Let n = -18134 + 18162. Calculate the greatest common factor of n and 6020.
28
Let h be 114 - ((-14)/(-6) - 3/9). Suppose 5*b + 44 = q, -q - 3*b + 4 = -0. Let s = q + -3. Calculate the highest common factor of s and h.
16
Let l(q) = -q**3 + 30*q**2 + 12*q - 19. Let g be l(30). What is the greatest common factor of g and 209?
11
Let k be (-100)/(-7) - (-6)/(-21). Suppose 403 - 97 = 2*u. Let y = u - 118. What is the highest common factor of y and k?
7
Suppose 0 = -2*v - v - 5*k + 12, -5*v + k = -48. Suppose -c = -34 + v. Calculate the greatest common divisor of 25 and c.
25
Suppose 3*n = -3*i + 55 + 44, -2*i + 2*n + 30 = 0. Let d = -55 + 21. Let r = d + 70. What is the highest common factor of r and i?
12
Let a be 238*(-9)/(-6) - (-184)/(-161)*-7. Calculate the greatest common factor of a and 7373.
73
Suppose 239*x + 229*x = 485*x - 4250. Calculate the highest common factor of 650 and x.
50
Let v = -88 - -901. Let s = v + -697. What is the highest common divisor of 87 and s?
29
Suppose -3*h = c - 48, -h = 3*c + 3*h - 124. Let p = 3 - -2. Suppose -5*i - 37 - 8 = -p*a, -36 = -5*a + 2*i. What is the greatest common divisor of c and a?
6
Suppose k + 4*g = 9, 0 = -k - k + g - 9. Let v be -3*k*10/9. Suppose -4*r + 371 + 94 = 5*d, -3*d + 15 = 0. Calculate the greatest common divisor of r and v.
10
Let i = 84 + -57. Let t(d) = 2*d**2 + 738*d + 3649. Let y be t(-5). Calculate the greatest common factor of y and i.
9
Let b(t) = -16*t + 2. Let f be b(-3). Let o be ((-12)/20)/((-14)/280). Let v = f - o. Calculate the greatest common divisor of 57 and v.
19
Suppose 1760*r + 1410 = 1854*r. Let y be 